en 51 is divided by 11?
7
Calculate the remainder when 190 is divided by 174.
16
Calculate the remainder when 714 is divided by 184.
162
Calculate the remainder when 497 is divided by 20.
17
Calculate the remainder when 107 is divided by 80.
27
What is the remainder when 380 is divided by 77?
72
What is the remainder when 156 is divided by 31?
1
Calculate the remainder when 126 is divided by 22.
16
What is the remainder when 93 is divided by 56?
37
Calculate the remainder when 4471 is divided by 28.
19
Calculate the remainder when 251 is divided by 44.
31
What is the remainder when 2367 is divided by 19?
11
Calculate the remainder when 451 is divided by 163.
125
Calculate the remainder when 162 is divided by 86.
76
Calculate the remainder when 533 is divided by 528.
5
What is the remainder when 692 is divided by 33?
32
What is the remainder when 65 is divided by 33?
32
What is the remainder when 157 is divided by 16?
13
What is the remainder when 441 is divided by 43?
11
Calculate the remainder when 237 is divided by 189.
48
Calculate the remainder when 130 is divided by 42.
4
What is the remainder when 126 is divided by 51?
24
Calculate the remainder when 6100 is divided by 7.
3
Calculate the remainder when 809 is divided by 164.
153
Calculate the remainder when 69 is divided by 9.
6
What is the remainder when 1997 is divided by 49?
37
Calculate the remainder when 2765 is divided by 13.
9
Calculate the remainder when 202 is divided by 18.
4
What is the remainder when 387 is divided by 364?
23
Calculate the remainder when 881 is divided by 110.
1
What is the remainder when 754 is divided by 52?
26
Calculate the remainder when 169 is divided by 56.
1
What is the remainder when 201 is divided by 26?
19
What is the remainder when 497 is divided by 125?
122
Calculate the remainder when 1005 is divided by 24.
21
Calculate the remainder when 1319 is divided by 100.
19
Calculate the remainder when 1973 is divided by 90.
83
What is the remainder when 170 is divided by 19?
18
Calculate the remainder when 31 is divided by 19.
12
What is the remainder when 382 is divided by 360?
22
What is the remainder when 988 is divided by 66?
64
What is the remainder when 1279 is divided by 5?
4
What is the remainder when 881 is divided by 34?
31
What is the remainder when 105 is divided by 14?
7
What is the remainder when 907 is divided by 61?
53
What is the remainder when 147 is divided by 30?
27
What is the remainder when 42665 is divided by 26?
25
Calculate the remainder when 233 is divided by 1.
0
What is the remainder when 5533 is divided by 15?
13
Calculate the remainder when 762 is divided by 45.
42
Calculate the remainder when 9002 is divided by 79.
75
What is the remainder when 1176 is divided by 566?
44
Calculate the remainder when 195 is divided by 11.
8
Calculate the remainder when 670 is divided by 56.
54
What is the remainder when 107 is divided by 83?
24
What is the remainder when 99 is divided by 31?
6
Calculate the remainder when 1439 is divided by 1409.
30
Calculate the remainder when 1164 is divided by 1162.
2
Calculate the remainder when 882 is divided by 90.
72
What is the remainder when 10 is divided by 1?
0
Calculate the remainder when 114 is divided by 35.
9
Calculate the remainder when 55 is divided by 21.
13
Calculate the remainder when 2441 is divided by 6.
5
Calculate the remainder when 71 is divided by 25.
21
What is the remainder when 746 is divided by 36?
26
What is the remainder when 3513 is divided by 583?
15
Calculate the remainder when 24 is divided by 8.
0
What is the remainder when 483 is divided by 49?
42
What is the remainder when 1258 is divided by 97?
94
What is the remainder when 189 is divided by 94?
1
Calculate the remainder when 3282 is divided by 73.
70
What is the remainder when 366 is divided by 22?
14
Calculate the remainder when 551 is divided by 91.
5
Calculate the remainder when 446 is divided by 435.
11
What is the remainder when 129 is divided by 44?
41
Calculate the remainder when 31 is divided by 10.
1
What is the remainder when 23 is divided by 16?
7
What is the remainder when 756 is divided by 164?
100
Calculate the remainder when 1109 is divided by 367.
8
Calculate the remainder when 2257 is divided by 113.
110
What is the remainder when 2781 is divided by 48?
45
Calculate the remainder when 248 is divided by 32.
24
What is the remainder when 151 is divided by 40?
31
What is the remainder when 2425 is divided by 58?
47
What is the remainder when 100 is divided by 66?
34
What is the remainder when 132 is divided by 40?
12
What is the remainder when 69 is divided by 39?
30
Calculate the remainder when 31 is divided by 12.
7
Calculate the remainder when 63 is divided by 13.
11
What is the remainder when 58 is divided by 26?
6
What is the remainder when 299 is divided by 263?
36
What is the remainder when 4114 is divided by 23?
20
Calculate the remainder when 372 is divided by 53.
1
What is the remainder when 883 is divided by 293?
4
Calculate the remainder when 891 is divided by 865.
26
What is the remainder when 58 is divided by 17?
7
What is the remainder when 5457 is divided by 1813?
18
What is the remainder when 8821 is divided by 401?
400
Calculate the remainder when 200 is divided by 100.
0
What is the remainder when 101 is divided by 36?
29
Calculate the remainder when 3604 is divided by 120.
4
What is the remainder when 115 is divided by 11?
5
Calculate the remainder when 3565 is divided by 143.
133
Calculate the remainder when 150 is divided by 79.
71
Calculate the remainder when 210 is divided by 55.
45
What is the remainder when 887 is divided by 180?
167
What is the remainder when 13825 is divided by 31?
30
Calculate the remainder when 723 is divided by 145.
143
Calculate the remainder when 236 is divided by 30.
26
What is the remainder when 411 is divided by 36?
15
What is the remainder when 111 is divided by 38?
35
Calculate the remainder when 2799 is divided by 27.
18
Calculate the remainder when 1122 is divided by 122.
24
What is the remainder when 7142 is divided by 94?
92
Calculate the remainder when 1138 is divided by 346.
100
Calculate the remainder when 58 is divided by 25.
8
What is the remainder when 2380 is divided by 25?
5
What is the remainder when 635 is divided by 214?
207
What is the remainder when 62 is divided by 9?
8
Calculate the remainder when 657 is divided by 52.
33
What is the remainder when 6608 is divided by 32?
16
Calculate the remainder when 46 is divided by 16.
14
What is the remainder when 333 is divided by 25?
8
Calculate the remainder when 26605 is divided by 7.
5
What is the remainder when 688 is divided by 12?
4
Calculate the remainder when 1171 is divided by 71.
35
What is the remainder when 105 is divided by 25?
5
What is the remainder when 73 is divided by 10?
3
What is the remainder when 71 is divided by 36?
35
What is the remainder when 87 is divided by 19?
11
What is the remainder when 310 is divided by 306?
4
What is the remainder when 224 is divided by 112?
0
What is the remainder when 99 is divided by 6?
3
Calculate the remainder when 408 is divided by 46.
40
What is the remainder when 571 is divided by 78?
25
Calculate the remainder when 12323 is divided by 57.
11
What is the remainder when 1159 is divided by 83?
80
What is the remainder when 132 is divided by 75?
57
What is the remainder when 449 is divided by 8?
1
What is the remainder when 41330 is divided by 166?
162
Calculate the remainder when 695 is divided by 78.
71
What is the remainder when 34 is divided by 9?
7
What is the remainder when 104 is divided by 27?
23
What is the remainder when 664 is divided by 109?
10
What is the remainder when 318 is divided by 183?
135
Calculate the remainder when 24467 is divided by 4893.
2
Calculate the remainder when 9405 is divided by 12.
9
Calculate the remainder when 158 is divided by 76.
6
What is the remainder when 1397 is divided by 25?
22
Calculate the remainder when 325 is divided by 32.
5
Calculate the remainder when 412 is divided by 59.
58
Calculate the remainder when 4305 is divided by 2148.
9
Calculate the remainder when 361 is divided by 25.
11
Calculate the remainder when 47 is divided by 7.
5
Calculate the remainder when 4236 is divided by